{"id":21,"date":"2022-11-10T09:21:51","date_gmt":"2022-11-10T09:21:51","guid":{"rendered":"https:\/\/live.21lab.co\/itlab\/?page_id=21"},"modified":"2023-05-20T17:10:44","modified_gmt":"2023-05-20T14:10:44","slug":"company","status":"publish","type":"page","link":"http:\/\/efeelektronik.com.tr\/?page_id=21","title":{"rendered":"Company"},"content":{"rendered":"\t\t<div data-elementor-type=\"wp-page\" data-elementor-id=\"21\" class=\"elementor elementor-21\">\n\t\t\t\t\t\t\t\t\t<div class=\"elementor-section elementor-top-section elementor-element elementor-element-28247e9 elementor-section-height-min-height elementor-section-boxed elementor-section-height-default elementor-section-items-middle\" data-id=\"28247e9\" data-element_type=\"section\" data-settings=\"{&quot;background_background&quot;:&quot;classic&quot;}\">\n\t\t\t\t\t\t<div class=\"elementor-container elementor-column-gap-default\">\n\t\t\t\t\t<div class=\"elementor-column elementor-col-100 elementor-top-column elementor-element elementor-element-ba38cef\" data-id=\"ba38cef\" data-element_type=\"column\">\n\t\t\t<div class=\"elementor-widget-wrap\">\n\t\t\t\t\t\t\t\t\t<\/div>\n\t\t<\/div>\n\t\t\t\t\t\t\t<\/div>\n\t\t<\/div>\n\t\t\t\t<div class=\"elementor-section elementor-top-section elementor-element elementor-element-db65829 sticky-element elementor-section-boxed elementor-section-height-default elementor-section-height-default\" data-id=\"db65829\" data-element_type=\"section\">\n\t\t\t\t\t\t<div class=\"elementor-container elementor-column-gap-default\">\n\t\t\t\t\t<div class=\"elementor-column elementor-col-100 elementor-top-column elementor-element elementor-element-0d9504d\" data-id=\"0d9504d\" data-element_type=\"column\">\n\t\t\t<div class=\"elementor-widget-wrap elementor-element-populated\">\n\t\t\t\t\t\t\t\t\t<\/div>\n\t\t<\/div>\n\t\t\t\t\t\t\t<\/div>\n\t\t<\/div>\n\t\t\t\t<div class=\"elementor-section elementor-top-section elementor-element elementor-element-4e7f6ce elementor-section-boxed elementor-section-height-default elementor-section-height-default\" data-id=\"4e7f6ce\" data-element_type=\"section\" id=\"overview\" data-settings=\"{&quot;background_background&quot;:&quot;classic&quot;}\">\n\t\t\t\t\t\t<div class=\"elementor-container elementor-column-gap-default\">\n\t\t\t\t\t<div class=\"elementor-column elementor-col-100 elementor-top-column elementor-element elementor-element-5481afd\" data-id=\"5481afd\" data-element_type=\"column\">\n\t\t\t<div class=\"elementor-widget-wrap elementor-element-populated\">\n\t\t\t\t\t\t\t\t<div class=\"elementor-element elementor-element-1eff84b elementor-widget elementor-widget-heading\" data-id=\"1eff84b\" data-element_type=\"widget\" data-widget_type=\"heading.default\">\n\t\t\t\t<div class=\"elementor-widget-container\">\n\t\t\t<style>\/*! elementor - v3.13.2 - 11-05-2023 *\/\n.elementor-heading-title{padding:0;margin:0;line-height:1}.elementor-widget-heading .elementor-heading-title[class*=elementor-size-]>a{color:inherit;font-size:inherit;line-height:inherit}.elementor-widget-heading .elementor-heading-title.elementor-size-small{font-size:15px}.elementor-widget-heading .elementor-heading-title.elementor-size-medium{font-size:19px}.elementor-widget-heading .elementor-heading-title.elementor-size-large{font-size:29px}.elementor-widget-heading .elementor-heading-title.elementor-size-xl{font-size:39px}.elementor-widget-heading .elementor-heading-title.elementor-size-xxl{font-size:59px}<\/style><h2 class=\"elementor-heading-title elementor-size-default\">Biz Kimiz<\/h2>\t\t<\/div>\n\t\t\t\t<\/div>\n\t\t\t\t<div class=\"elementor-element elementor-element-22de11e elementor-widget elementor-widget-text-editor\" data-id=\"22de11e\" data-element_type=\"widget\" data-widget_type=\"text-editor.default\">\n\t\t\t\t<div class=\"elementor-widget-container\">\n\t\t\t<style>\/*! elementor - v3.13.2 - 11-05-2023 *\/\n.elementor-widget-text-editor.elementor-drop-cap-view-stacked .elementor-drop-cap{background-color:#69727d;color:#fff}.elementor-widget-text-editor.elementor-drop-cap-view-framed .elementor-drop-cap{color:#69727d;border:3px solid;background-color:transparent}.elementor-widget-text-editor:not(.elementor-drop-cap-view-default) .elementor-drop-cap{margin-top:8px}.elementor-widget-text-editor:not(.elementor-drop-cap-view-default) .elementor-drop-cap-letter{width:1em;height:1em}.elementor-widget-text-editor .elementor-drop-cap{float:left;text-align:center;line-height:1;font-size:50px}.elementor-widget-text-editor .elementor-drop-cap-letter{display:inline-block}<\/style>\t\t\t\t<p>Lorem ipsumsdasdasdsadasdsadsadasd<\/p>\t\t\t\t\t\t<\/div>\n\t\t\t\t<\/div>\n\t\t\t\t<div class=\"elementor-element elementor-element-f43b596 elementor-widget elementor-widget-image\" data-id=\"f43b596\" data-element_type=\"widget\" data-widget_type=\"image.default\">\n\t\t\t\t<div class=\"elementor-widget-container\">\n\t\t\t<style>\/*! elementor - v3.13.2 - 11-05-2023 *\/\n.elementor-widget-image{text-align:center}.elementor-widget-image a{display:inline-block}.elementor-widget-image a img[src$=\".svg\"]{width:48px}.elementor-widget-image img{vertical-align:middle;display:inline-block}<\/style>\t\t\t\t\t\t\t\t\t\t\t\t<img decoding=\"async\" width=\"2340\" height=\"1100\" src=\"http:\/\/efeelektronik.com.tr\/wp-content\/uploads\/2022\/11\/about.png\" class=\"attachment-full size-full wp-image-404\" alt=\"\" loading=\"lazy\" srcset=\"http:\/\/efeelektronik.com.tr\/wp-content\/uploads\/2022\/11\/about.png 2340w, http:\/\/efeelektronik.com.tr\/wp-content\/uploads\/2022\/11\/about-300x141.png 300w, http:\/\/efeelektronik.com.tr\/wp-content\/uploads\/2022\/11\/about-1024x481.png 1024w, http:\/\/efeelektronik.com.tr\/wp-content\/uploads\/2022\/11\/about-768x361.png 768w, http:\/\/efeelektronik.com.tr\/wp-content\/uploads\/2022\/11\/about-1536x722.png 1536w, http:\/\/efeelektronik.com.tr\/wp-content\/uploads\/2022\/11\/about-2048x963.png 2048w\" sizes=\"(max-width: 2340px) 100vw, 2340px\" \/>\t\t\t\t\t\t\t\t\t\t\t\t\t\t\t<\/div>\n\t\t\t\t<\/div>\n\t\t\t\t<div class=\"elementor-element elementor-element-3767290 elementor-widget-divider--view-line elementor-widget elementor-widget-divider\" data-id=\"3767290\" data-element_type=\"widget\" data-widget_type=\"divider.default\">\n\t\t\t\t<div class=\"elementor-widget-container\">\n\t\t\t<style>\/*! elementor - v3.13.2 - 11-05-2023 *\/\n.elementor-widget-divider{--divider-border-style:none;--divider-border-width:1px;--divider-color:#0c0d0e;--divider-icon-size:20px;--divider-element-spacing:10px;--divider-pattern-height:24px;--divider-pattern-size:20px;--divider-pattern-url:none;--divider-pattern-repeat:repeat-x}.elementor-widget-divider .elementor-divider{display:flex}.elementor-widget-divider .elementor-divider__text{font-size:15px;line-height:1;max-width:95%}.elementor-widget-divider .elementor-divider__element{margin:0 var(--divider-element-spacing);flex-shrink:0}.elementor-widget-divider .elementor-icon{font-size:var(--divider-icon-size)}.elementor-widget-divider .elementor-divider-separator{display:flex;margin:0;direction:ltr}.elementor-widget-divider--view-line_icon .elementor-divider-separator,.elementor-widget-divider--view-line_text .elementor-divider-separator{align-items:center}.elementor-widget-divider--view-line_icon .elementor-divider-separator:after,.elementor-widget-divider--view-line_icon .elementor-divider-separator:before,.elementor-widget-divider--view-line_text .elementor-divider-separator:after,.elementor-widget-divider--view-line_text .elementor-divider-separator:before{display:block;content:\"\";border-bottom:0;flex-grow:1;border-top:var(--divider-border-width) var(--divider-border-style) var(--divider-color)}.elementor-widget-divider--element-align-left .elementor-divider .elementor-divider-separator>.elementor-divider__svg:first-of-type{flex-grow:0;flex-shrink:100}.elementor-widget-divider--element-align-left .elementor-divider-separator:before{content:none}.elementor-widget-divider--element-align-left .elementor-divider__element{margin-left:0}.elementor-widget-divider--element-align-right .elementor-divider .elementor-divider-separator>.elementor-divider__svg:last-of-type{flex-grow:0;flex-shrink:100}.elementor-widget-divider--element-align-right .elementor-divider-separator:after{content:none}.elementor-widget-divider--element-align-right .elementor-divider__element{margin-right:0}.elementor-widget-divider:not(.elementor-widget-divider--view-line_text):not(.elementor-widget-divider--view-line_icon) .elementor-divider-separator{border-top:var(--divider-border-width) var(--divider-border-style) var(--divider-color)}.elementor-widget-divider--separator-type-pattern{--divider-border-style:none}.elementor-widget-divider--separator-type-pattern.elementor-widget-divider--view-line .elementor-divider-separator,.elementor-widget-divider--separator-type-pattern:not(.elementor-widget-divider--view-line) .elementor-divider-separator:after,.elementor-widget-divider--separator-type-pattern:not(.elementor-widget-divider--view-line) .elementor-divider-separator:before,.elementor-widget-divider--separator-type-pattern:not([class*=elementor-widget-divider--view]) .elementor-divider-separator{width:100%;min-height:var(--divider-pattern-height);-webkit-mask-size:var(--divider-pattern-size) 100%;mask-size:var(--divider-pattern-size) 100%;-webkit-mask-repeat:var(--divider-pattern-repeat);mask-repeat:var(--divider-pattern-repeat);background-color:var(--divider-color);-webkit-mask-image:var(--divider-pattern-url);mask-image:var(--divider-pattern-url)}.elementor-widget-divider--no-spacing{--divider-pattern-size:auto}.elementor-widget-divider--bg-round{--divider-pattern-repeat:round}.rtl .elementor-widget-divider .elementor-divider__text{direction:rtl}.e-con-inner>.elementor-widget-divider,.e-con>.elementor-widget-divider{width:var(--container-widget-width,100%);--flex-grow:var(--container-widget-flex-grow)}<\/style>\t\t<div class=\"elementor-divider\">\n\t\t\t<span class=\"elementor-divider-separator\">\n\t\t\t\t\t\t<\/span>\n\t\t<\/div>\n\t\t\t\t<\/div>\n\t\t\t\t<\/div>\n\t\t\t\t\t<\/div>\n\t\t<\/div>\n\t\t\t\t\t\t\t<\/div>\n\t\t<\/div>\n\t\t\t\t<div class=\"elementor-section elementor-top-section elementor-element elementor-element-4eb46c4 shadow elementor-section-boxed elementor-section-height-default elementor-section-height-default\" data-id=\"4eb46c4\" data-element_type=\"section\">\n\t\t\t\t\t\t<div class=\"elementor-container elementor-column-gap-default\">\n\t\t\t\t\t<div class=\"elementor-column elementor-col-100 elementor-top-column elementor-element elementor-element-63b95e5\" data-id=\"63b95e5\" data-element_type=\"column\">\n\t\t\t<div class=\"elementor-widget-wrap elementor-element-populated\">\n\t\t\t\t\t\t\t\t<div class=\"elementor-section elementor-inner-section elementor-element elementor-element-ca46621 elementor-section-content-middle elementor-section-boxed elementor-section-height-default elementor-section-height-default\" data-id=\"ca46621\" data-element_type=\"section\" id=\"whatwedo\">\n\t\t\t\t\t\t<div class=\"elementor-container elementor-column-gap-custom\">\n\t\t\t\t\t<div class=\"elementor-column elementor-col-50 elementor-inner-column elementor-element elementor-element-c062b53\" data-id=\"c062b53\" data-element_type=\"column\">\n\t\t\t<div class=\"elementor-widget-wrap elementor-element-populated\">\n\t\t\t\t\t\t\t\t<div class=\"elementor-element elementor-element-324506a elementor-widget elementor-widget-heading\" data-id=\"324506a\" data-element_type=\"widget\" data-widget_type=\"heading.default\">\n\t\t\t\t<div class=\"elementor-widget-container\">\n\t\t\t<h6 class=\"elementor-heading-title elementor-size-default\">NELER YAPIYORUZ<\/h6>\t\t<\/div>\n\t\t\t\t<\/div>\n\t\t\t\t<div class=\"elementor-element elementor-element-2ece199 elementor-widget elementor-widget-heading\" data-id=\"2ece199\" data-element_type=\"widget\" data-widget_type=\"heading.default\">\n\t\t\t\t<div class=\"elementor-widget-container\">\n\t\t\t<h2 class=\"elementor-heading-title elementor-size-default\">Efe Elektronik olarak;<\/h2>\t\t<\/div>\n\t\t\t\t<\/div>\n\t\t\t\t<div class=\"elementor-element elementor-element-2024142 elementor-widget elementor-widget-text-editor\" data-id=\"2024142\" data-element_type=\"widget\" data-widget_type=\"text-editor.default\">\n\t\t\t\t<div class=\"elementor-widget-container\">\n\t\t\t\t\t\t\t<ul class=\"list-style2\"><li>Elektronik kart\/cihazlar\u0131n bak\u0131m ve onar\u0131m\u0131<\/li><li>Havac\u0131l\u0131k ve seyr\u00fcsefer sistemlerin bak\u0131m ve onar\u0131m\u0131<\/li><li>Savunma sanayi sistemleri kart\/cihaz bak\u0131m ve onar\u0131m\u0131<\/li><li>Medikal sistemlerin kart\/cihaz bak\u0131m ve onar\u0131m\u0131<\/li><li>Prototip ya da seri \u00fcretim<\/li><\/ul>\t\t\t\t\t\t<\/div>\n\t\t\t\t<\/div>\n\t\t\t\t\t<\/div>\n\t\t<\/div>\n\t\t\t\t<div class=\"elementor-column elementor-col-50 elementor-inner-column elementor-element elementor-element-61aa470 elementor-hidden-tablet elementor-hidden-mobile\" data-id=\"61aa470\" data-element_type=\"column\">\n\t\t\t<div class=\"elementor-widget-wrap elementor-element-populated\">\n\t\t\t\t\t\t\t\t<div class=\"elementor-element elementor-element-e3cc93d elementor-widget elementor-widget-image\" data-id=\"e3cc93d\" data-element_type=\"widget\" data-widget_type=\"image.default\">\n\t\t\t\t<div class=\"elementor-widget-container\">\n\t\t\t\t\t\t\t\t\t\t\t\t\t\t\t<img decoding=\"async\" width=\"800\" height=\"500\" src=\"http:\/\/efeelektronik.com.tr\/wp-content\/uploads\/2023\/05\/8.jpg\" class=\"attachment-large size-large wp-image-2102\" alt=\"\" loading=\"lazy\" srcset=\"http:\/\/efeelektronik.com.tr\/wp-content\/uploads\/2023\/05\/8.jpg 800w, http:\/\/efeelektronik.com.tr\/wp-content\/uploads\/2023\/05\/8-300x188.jpg 300w, http:\/\/efeelektronik.com.tr\/wp-content\/uploads\/2023\/05\/8-768x480.jpg 768w\" sizes=\"(max-width: 800px) 100vw, 800px\" \/>\t\t\t\t\t\t\t\t\t\t\t\t\t\t\t<\/div>\n\t\t\t\t<\/div>\n\t\t\t\t\t<\/div>\n\t\t<\/div>\n\t\t\t\t\t\t\t<\/div>\n\t\t<\/div>\n\t\t\t\t<div class=\"elementor-element elementor-element-b56e2b5 elementor-widget-divider--view-line elementor-widget elementor-widget-divider\" data-id=\"b56e2b5\" data-element_type=\"widget\" data-widget_type=\"divider.default\">\n\t\t\t\t<div class=\"elementor-widget-container\">\n\t\t\t\t\t<div class=\"elementor-divider\">\n\t\t\t<span class=\"elementor-divider-separator\">\n\t\t\t\t\t\t<\/span>\n\t\t<\/div>\n\t\t\t\t<\/div>\n\t\t\t\t<\/div>\n\t\t\t\t<div class=\"elementor-section elementor-inner-section elementor-element elementor-element-d4cca38 elementor-section-boxed elementor-section-height-default elementor-section-height-default\" data-id=\"d4cca38\" data-element_type=\"section\" id=\"mission\">\n\t\t\t\t\t\t<div class=\"elementor-container elementor-column-gap-custom\">\n\t\t\t\t\t<div class=\"elementor-column elementor-col-50 elementor-inner-column elementor-element elementor-element-6d3fb79\" data-id=\"6d3fb79\" data-element_type=\"column\">\n\t\t\t<div class=\"elementor-widget-wrap elementor-element-populated\">\n\t\t\t\t\t\t\t\t<div class=\"elementor-element elementor-element-cb9a81c elementor-position-top elementor-view-default elementor-mobile-position-top elementor-vertical-align-top elementor-widget elementor-widget-icon-box\" data-id=\"cb9a81c\" data-element_type=\"widget\" data-widget_type=\"icon-box.default\">\n\t\t\t\t<div class=\"elementor-widget-container\">\n\t\t\t<link rel=\"stylesheet\" href=\"http:\/\/efeelektronik.com.tr\/wp-content\/plugins\/elementor\/assets\/css\/widget-icon-box.min.css\">\t\t<div class=\"elementor-icon-box-wrapper\">\n\t\t\t\t\t\t<div class=\"elementor-icon-box-icon\">\n\t\t\t\t<span class=\"elementor-icon elementor-animation-\" >\n\t\t\t\t<svg xmlns=\"http:\/\/www.w3.org\/2000\/svg\" height=\"64\" width=\"64\" viewBox=\"0 0 64 64\"><title>vr headset<\/title><g fill=\"#afb0b9\" class=\"nc-icon-wrapper\"><path d=\"M52,15H12a4,4,0,0,0-4,4V34a4,4,0,0,0,4,4H25a1,1,0,0,0,.843-.462l3.1-4.868a3.634,3.634,0,0,1,6.106,0l3.1,4.868A1,1,0,0,0,39,38H52a4,4,0,0,0,4-4V19A4,4,0,0,0,52,15Zm-4,9H16a1,1,0,0,1,0-2H48a1,1,0,0,1,0,2Z\" data-color=\"color-2\"><\/path><path d=\"M49.827,13a19.946,19.946,0,0,0-35.654,0Z\" fill=\"#484b62\"><\/path><path d=\"M59.268,60.036,47.126,56.663A7.018,7.018,0,0,1,42,49.919v-1.2A17.388,17.388,0,0,1,32,52a17.388,17.388,0,0,1-10-3.278v1.2a7.018,7.018,0,0,1-5.126,6.744L4.732,60.036A1,1,0,0,0,5,62H59a1,1,0,0,0,.268-1.964Z\" fill=\"#484b62\"><\/path><path d=\"M39,40a2.986,2.986,0,0,1-2.529-1.387l-3.1-4.867a1.621,1.621,0,0,0-2.734,0l-3.1,4.867A2.986,2.986,0,0,1,25,40H16.729C20.5,46.31,26.059,50,32,50s11.5-3.69,15.271-10Z\" fill=\"#484b62\"><\/path><\/g><\/svg>\t\t\t\t<\/span>\n\t\t\t<\/div>\n\t\t\t\t\t\t<div class=\"elementor-icon-box-content\">\n\t\t\t\t<h3 class=\"elementor-icon-box-title\">\n\t\t\t\t\t<span  >\n\t\t\t\t\t\tMisyonumuz\t\t\t\t\t<\/span>\n\t\t\t\t<\/h3>\n\t\t\t\t\t\t\t\t\t<p class=\"elementor-icon-box-description\">\n\t\t\t\t\t\tBuilding on our technologies and competencies creating value for our customers. We\u2019ll achieve this by focusing on the intersection of our client\u2019s emerging needs and the acceleration of business and technological change.\t\t\t\t\t<\/p>\n\t\t\t\t\t\t\t<\/div>\n\t\t<\/div>\n\t\t\t\t<\/div>\n\t\t\t\t<\/div>\n\t\t\t\t\t<\/div>\n\t\t<\/div>\n\t\t\t\t<div class=\"elementor-column elementor-col-50 elementor-inner-column elementor-element elementor-element-b858473\" data-id=\"b858473\" data-element_type=\"column\">\n\t\t\t<div class=\"elementor-widget-wrap elementor-element-populated\">\n\t\t\t\t\t\t\t\t<div class=\"elementor-element elementor-element-538e702 elementor-position-top elementor-widget__width-initial elementor-view-default elementor-mobile-position-top elementor-vertical-align-top elementor-widget elementor-widget-icon-box\" data-id=\"538e702\" data-element_type=\"widget\" data-widget_type=\"icon-box.default\">\n\t\t\t\t<div class=\"elementor-widget-container\">\n\t\t\t\t\t<div class=\"elementor-icon-box-wrapper\">\n\t\t\t\t\t\t<div class=\"elementor-icon-box-icon\">\n\t\t\t\t<span class=\"elementor-icon elementor-animation-\" >\n\t\t\t\t<svg xmlns=\"http:\/\/www.w3.org\/2000\/svg\" height=\"64\" width=\"64\" viewBox=\"0 0 64 64\"><title>pattern recognition<\/title><g fill=\"#afb0b9\" class=\"nc-icon-wrapper\"><path d=\"M32,39a7,7,0,1,1,7-7A7.009,7.009,0,0,1,32,39Z\" fill=\"#484b62\"><\/path><path d=\"M11,18a7,7,0,1,1,7-7A7.009,7.009,0,0,1,11,18Z\" fill=\"#484b62\"><\/path><path d=\"M53,18a7,7,0,1,1,7-7A7.009,7.009,0,0,1,53,18Z\" fill=\"#484b62\"><\/path><path d=\"M11,60a7,7,0,1,1,7-7A7.009,7.009,0,0,1,11,60Z\" fill=\"#484b62\"><\/path><path d=\"M53,60a7,7,0,1,1,7-7A7.009,7.009,0,0,1,53,60Z\" fill=\"#484b62\"><\/path><path d=\"M58,25H47.414L39,16.586V6a2,2,0,0,0-2-2H27a2,2,0,0,0-2,2V16.586L16.586,25H6a2,2,0,0,0-2,2V37a2,2,0,0,0,2,2H16.586L25,47.414V58a2,2,0,0,0,2,2H37a2,2,0,0,0,2-2V47.414L47.414,39H58a2,2,0,0,0,2-2V27A2,2,0,0,0,58,25ZM37.586,46H26.414L18,37.586V26.414L26.414,18H37.586L46,26.414V37.586Z\" data-color=\"color-2\"><\/path><\/g><\/svg>\t\t\t\t<\/span>\n\t\t\t<\/div>\n\t\t\t\t\t\t<div class=\"elementor-icon-box-content\">\n\t\t\t\t<h3 class=\"elementor-icon-box-title\">\n\t\t\t\t\t<span  >\n\t\t\t\t\t\tVizyonumuz\t\t\t\t\t<\/span>\n\t\t\t\t<\/h3>\n\t\t\t\t\t\t\t\t\t<p class=\"elementor-icon-box-description\">\n\t\t\t\t\t\tOur values are the guiding principles upon which ITLab was founded and how we strive to conduct our business on a daily basis. Values establish our view of the world as we shape the future. They determine how we treat each other.\t\t\t\t\t<\/p>\n\t\t\t\t\t\t\t<\/div>\n\t\t<\/div>\n\t\t\t\t<\/div>\n\t\t\t\t<\/div>\n\t\t\t\t\t<\/div>\n\t\t<\/div>\n\t\t\t\t\t\t\t<\/div>\n\t\t<\/div>\n\t\t\t\t\t<\/div>\n\t\t<\/div>\n\t\t\t\t\t\t\t<\/div>\n\t\t<\/div>\n\t\t\t\t\t\t\t<\/div>\n\t\t","protected":false},"excerpt":{"rendered":"<p>Biz Kimiz Lorem ipsumsdasdasdsadasdsadsadasd NELER YAPIYORUZ Efe Elektronik olarak; Elektronik kart\/cihazlar\u0131n bak\u0131m ve onar\u0131m\u0131 Havac\u0131l\u0131k ve seyr\u00fcsefer sistemlerin bak\u0131m ve onar\u0131m\u0131 Savunma sanayi sistemleri kart\/cihaz bak\u0131m ve onar\u0131m\u0131 Medikal sistemlerin kart\/cihaz bak\u0131m ve onar\u0131m\u0131 Prototip ya da seri \u00fcretim vr headset Misyonumuz Building on our technologies and competencies creating value for our customers. We\u2019ll achieve [&hellip;]<\/p>\n","protected":false},"author":1,"featured_media":0,"parent":0,"menu_order":0,"comment_status":"closed","ping_status":"closed","template":"tmpl\/template-fullwidth.php","meta":{"inline_featured_image":false},"acf":[],"_links":{"self":[{"href":"http:\/\/efeelektronik.com.tr\/index.php?rest_route=\/wp\/v2\/pages\/21"}],"collection":[{"href":"http:\/\/efeelektronik.com.tr\/index.php?rest_route=\/wp\/v2\/pages"}],"about":[{"href":"http:\/\/efeelektronik.com.tr\/index.php?rest_route=\/wp\/v2\/types\/page"}],"author":[{"embeddable":true,"href":"http:\/\/efeelektronik.com.tr\/index.php?rest_route=\/wp\/v2\/users\/1"}],"replies":[{"embeddable":true,"href":"http:\/\/efeelektronik.com.tr\/index.php?rest_route=%2Fwp%2Fv2%2Fcomments&post=21"}],"version-history":[{"count":4,"href":"http:\/\/efeelektronik.com.tr\/index.php?rest_route=\/wp\/v2\/pages\/21\/revisions"}],"predecessor-version":[{"id":2211,"href":"http:\/\/efeelektronik.com.tr\/index.php?rest_route=\/wp\/v2\/pages\/21\/revisions\/2211"}],"wp:attachment":[{"href":"http:\/\/efeelektronik.com.tr\/index.php?rest_route=%2Fwp%2Fv2%2Fmedia&parent=21"}],"curies":[{"name":"wp","href":"https:\/\/api.w.org\/{rel}","templated":true}]}}